alue of -48 + (27 - -6) - (-4 - -30)?
-41
-34 + (0 + -12 - (-27 - (38 - 49)))
-30
-4 + 0 - -6 - ((-7 - (-2 + -3)) + 12)
-8
What is the value of -6 + (54 - -6) + 458 + -474?
38
What is the value of 0 - (366 + -413 + (-10 - (0 + 0)))?
57
What is the value of (12 - -11 - 3) + (49 - 76) - (-28 - 0)?
21
Calculate -210 + 93 + 8 - -83.
-26
What is the value of 13 + 0 + (-5 - 1) - (35 - (-43 - 36))?
-107
Calculate -28 - (-89 - -52 - -16).
-7
Calculate (152 - 91 - 145) + 141.
57
Calculate 50 + -17 - (270 + -268).
31
What is the value of 291 + -147 - 79 - 85?
-20
What is the value of -64 - -68 - (5 - -1) - (-23 - (12 + -22))?
11
-8 + 15 + -30 + 40
17
Calculate (54 - 19) + 30 + -16 - (-2 - -4 - -8).
39
What is (46 - 55 - 30) + 52?
13
Evaluate -3 + 6 + 52 + -8 + (2 - 2) + -2.
45
What is (-20 + 28 + 31 - 45) + 45 + 2?
41
(12 + -16 + -1 - 0) + (42 - 14)
23
23 - ((-16 - -85) + (8 - 10))
-44
Calculate (-20 - -4 - -15) + (69 - -1) + (0 - 8).
61
Calculate 36 - -7 - (4 + 17).
22
What is (43 - (48 + 0)) + 19 + 8?
22
What is the value of (11 - 4) + -20 + -65 + 17 + (-2 - 2)?
-65
What is -1176 - -1061 - (-68 - -3)?
-50
Calculate 10 - (21 + -19 + 16 - -12).
-20
What is the value of 51 - -1 - (59 - 33 - 23 - 13)?
62
1 + -42 - (-164 + 152) - 67
-96
What is the value of (5 - 0) + (-37 - -44 - ((-4 - 1) + 78))?
-61
22 + (-40 + 27 - -7) + (-1 - 2)
13
2 + -20 + 19 + -24 + (41 - 26)
-8
Evaluate (-23 - (-7 - -2)) + 65 + -107 + 29.
-31
35 + (-10 + (-3 - -8) - -12) + 3 - 9
36
(383 + -62 - 230) + 0 + 0 + -4
87
-9 - (-55 + 6 - (-19 - ((-22 - -14) + -9)))
38
What is 2 + 68 + -30 + (-1 + 6 - -17)?
62
What is the value of 17 - (13 + -7 - -6 - 49)?
54
What is -99 + 104 + 17 + 1 + -5 + (1 - 2)?
17
Evaluate -7 + (2 - 4 - -5 - -9 - 44).
-39
(-114 - -36) + 72 + -64
-70
Calculate (5 - (-78 + 122 + (6 - -5))) + 17.
-33
Calculate (-75 - -27 - -93) + (-1 - -1) + 18.
63
Calculate 95 - ((-82 - -205) + -21).
-7
Calculate 1 + -46 - (55 + 44 - 125).
-19
What is the value of 5 - -3 - (12 + (-34 - -42) + -15 + -1)?
4
Evaluate 1 - 14 - (124 - 121 - 50).
34
-10 + 1 - ((17 + -5 + -2 - -27) + 17)
-63
Evaluate 54 + -70 - (0 + -47 + -1) - -21.
53
What is 30 + -13 - -14 - -116 - 3?
144
What is -1022 - -971 - (0 - 22)?
-29
What is (467 - 495) + ((1 - 1) + (6 - 2) - -2)?
-22
What is the value of (18 - -3) + -23 + (43 - 65)?
-24
What is -2 - -11 - (-22 - 4 - -16)?
19
What is the value of (83 + -86 - -20) + 6 + 2?
25
Evaluate 15 - (2 - -3) - (73 - (-9 - -26)).
-46
Calculate 92 - (8 + 35) - (1 + -3 - 0 - -12).
39
What is (1 - 32) + 42 - (12 + -38)?
37
What is -62 - ((5 - (-7 + -15 + 8)) + (-2 - 10))?
-69
What is -58 - (-8 + -3) - -5?
-42
Evaluate 1787 + -1658 + (-14 + 2 - -3) - (-1 - -1).
120
-22 + (36 - 6) - (28 + 2) - (11 + -1)
-32
-59 + -26 + 186 + -43
58
What is (36 + -26 - (16 + -7)) + -5 + -12?
-16
What is the value of (6 + -14 - 15) + (40 - 50)?
-33
Calculate 6 - (12 + 2) - 2 - (-23 - (-7 - -6)).
12
Calculate -4 + 572 + -552 + 24 + 0.
40
What is 59 + (75 - (-85 + 263))?
-44
Evaluate 1 + -4 + 5 - (-48 + 32 - 34).
52
Evaluate 33 + -12 + -40 - -15.
-4
30 - (77 + -89) - 23
19
What is the value of (206 - 85) + -5 + -13 + 0?
103
Calculate -244 + 250 + (-1 + -4 - -3) + -73.
-69
What is the value of (-4 + -53 - (69 + -27 - 43)) + -10?
-66
-82 + 9 - ((-7 - -9) + -30)
-45
What is (5 - 51 - 1) + (51 - 80)?
-76
-5 + 1 + (39 - 17) - 18
0
What is (-17 + 8 + 1 + 25 - 16) + -3 + 69?
67
-52 + 48 + -11 + 31
16
Calculate 9 + (27 - 34) + 4 + (1 - 0 - 0).
7
54 + -1 - ((-60 - -15 - -57) + -2)
43
Calculate (59 - (-55 - -57)) + -90.
-33
44 + 70 + -138 + -34
-58
(1 - 2 - 16) + (114 - 101 - 17)
-21
What is the value of 468 - 488 - (13 - -64)?
-97
What is 24 + -334 + 322 + 1 + -9?
4
What is the value of 2 + -2 + -36 + -117 + -91 + 210?
-34
(-126 - -13 - 8) + 9
-112
Evaluate -60 + (9 - 0) + 27.
-24
What is the value of -1 - 9 - (1392 - 1430 - (1 - 30))?
-1
Calculate 63 + 1 + 3247 + -3359.
-48
What is the value of -52 + 11 + 4 + 20?
-17
Calculate (-5969 - -5994) + (-86 - 0).
-61
Calculate 8 + (-7 + 7 - 5) + 17 + 13 + -37.
-4
What is (14 - (21 + -6) - 17) + 135 + -3?
114
What is 1 + -3 - (-40 + (38 - -5))?
-5
What is the value of 48 - (-24 + 43 + -33)?
62
Calculate -27 - ((18 - (-17 - -33)) + -95).
66
Evaluate -23 - -1 - (-33 + 61 + -5 - 8).
-37
What is the value of -336 + 292 + (-4 - 38)?
-86
Calculate -27 - (7 - (1 - -25)) - 20.
-28
Evaluate -8 + 19 + (-13 + 6 - -4 - 31).
-23
Evaluate 25 - 26 - (2 - (6 + -3)) - 137 - 3.
-140
What is the value of -11 - ((14 - (22 - 24)) + -22)?
-5
Evaluate -3 + -18 - -33 - (4 - 7).
15
What is 3 + 25 - (114 + 24 + -68)?
-42
Evaluate -60 + (0 - 14 - -51).
-23
Evaluate 5 + -5 - (11 + -8 - 30) - -4.
31
Evaluate 6 + 2 - (-979 + 1007).
-20
(81 - 42) + -51 + 78
66
What is (1 - (6 - 12)) + (-13 - 19) + -19?
-44
Evaluate 19 + 10 + 8 + 7 + -22 - -12.
34
Evaluate 40 + -39 + 9 + 2 + 9.
21
What is -71 + (9 - -35) + 39?
12
What is the value of 28 + (-6 - 49) - -66?
39
Evaluate (29 - 1) + (95 - (121 - 59)).
61
Calculate (-21 + 95 - 93) + -43.
-62
-69 - (-187 + 104) - (5 - 27)
36
-33 + (73 - (-29 + 8))
61
What is the value of 9 - (46 - 94) - 58?
-1
What is -44 + (2 - (1 - (-2 - -2) - (307 + -301)))?
-37
Calculate 2 + (77 - (-10 + 20)) + (-8 + 2 - -4).
67
-1 + 85 - (1 - (5 + (-40 - -51)))
99
Evaluate -15 + 31 + 67 + -45.
38
Calculate 1 + -1 + (-3 - (0 - -1) - (-8012 + 8086)).
-78
Calculate 28 + 5 + -52 + (-4 - -4 - 23).
-42
Evaluate 69 + (53 - 134) - (-10 - 7).
5
What is the value of (-2 - -5) + -15 + 32 + (8 - -11)?
39
What is the value of -2243 + 2257 - (-3 + 39)?
-22
What is 3 - ((10 - (-5 - (-5 - (-8 + 16)))) + -29)?
30
Evaluate 179 + -171 - ((5 - 5) + (-3 - -55)).
-44
Calculate 7 + 18 + -45 + -19 + 55.
16
Calculate (-3 - (34 + -1)) + -12 + (-7 - -6).
-49
Evaluate 888 + -810 - (-3 + 74).
7
Evaluate -50 + 107 + -7 + -3 + 3 + 0.
50
Evaluate (29 - (-29 - -26) - 30) + (1 - (2 - 10)).
11
What is 111 + 5 + (982 - 1007)?
91
5 - 35 - (-21 - (-27 - (34 - 25)))
-45
What is the value of (-1 - 18) + 3 + (-8 + 3 - (-80 + -72))?
131
-2 - (1 + (-13 - -44))
-34
(0 - 4) + 8 - (3 - (-62 + (12 - 16)))
-65
What is the value of -26 - (3 - (12 - (20 - 3)))?
-34
(305 - 312 - (3 + 16)) + (-8 - (-2 - -2))
-34
Evaluate -26 + (-18 - -2) - (9 + 0 - (9 + -14)).
-56
0 + (-19 - -30) - 18
-7
Evaluate -1640 + 1619 + (-3 - -71 - 1).
46
0 + 13 - (40 - (51 - 6) - -51)
-33
Evaluate (-74 - -89) + (-8 - 0) + (-32 - -6) + 8.
-11
What is (-15 - 13) + -1162 + 1264?
74
What is (-80 - (-76 + 57)) + 28?
-33
Evaluate -6 + 0 + -2 + (-6 - (29 - 139) - 14).
82
What is the value of (-182 - (-68 - 30)) + 104?
20
-128 + (-55 - 6) - -82
-107
Evaluate (-1 - (13 - 2)) + -2053 + 2048 - 11.
-28
Evaluate -10 + (13 + -4 - -6) + -1 + -2 + 131.
133
Evaluate 8 + -6 + ((1 - 9) + -1 + 8 - 110).
-109
Calculate 24 + (1 - (36 - 14)).
3
Evaluate 176 + 91 + -193 + 1 + 3.
78
Evaluate 554 + -435 + (1 - 77).
43
Calculate 2 - 7 - ((-43 - -6) + -4 + 5).
31
Evaluate (-10 - (4 - 16)) + (1 - (2 - -6) - -3).
-2
Evaluate 1 - 2 - (-16 - (3 + -3 - 7)).
8
What is the value of (0 - 24 - (-7 + 11)) + 99 + -102?
-31
-19 + 3 + (5 + (-5 - -2) + 6 - 14)
-22
What is (35 + -82 - -15) + 44 - (4 + -79)?
87
Evaluate -16 + (6 - (13 + -6)) + (1 - -11) + -8.
-13
Evaluate 4 + -17 - (1 - -25 - 75).
36
Evaluate 13 + -5 + 2 + (0 - (14 - 16) - -14).
26
Calculate -48 + 50 + -2 + (1 - -20) + -8.
13
Calculate 3 + (-7 - 15) + -1 + (0 - 6).
-26
What is 122 + -155 + 165 + -71?
61
(76 + -86 - -16) + -2 + 2
6
Evaluate 88 + -91 + (-2 - -22).
17
Evaluate (106 - (-37 - -117)) + -87.
-61
What is the value of (1 + 14 - 1) + 44 + 0 + 30 + -73?
15
What is 112 - (5 - (18 + -17) - -22)?
86
What is the value of 3298 + -3305 + (-17 + 16 + 2 + 1 - 31)?
-36
Calculate -14 - (54 + (-16 - 26)).
-26
Calculate 4 - ((-16 - -4 - -17 - (6 + 0)) + -38).
43
Evaluate (446 - 497) + (0 - -2) + (2 - 1 - 5).
-53
Calculate (-1765 - -1760) + (-1 + -2 - (9 - 2)).
-15
What is the value of 13 + 25 + (-62 - -1)?
-23
Evaluate -8 + (2 - -14 - (-1 - 16)) + -10 + 64.
79
Calculate -14 - 13 - ((-45 - -46) + 14).
-42
(-8 - (1 - (38 - 11))) + -14
4
Evaluate -19 - (45 + -46 - (-4 + 1) - -5).
-26
Calculate (-2 - 3) + (14 - -5) + -5 + -2 - 0.
7
Evaluate (4 - 0) + 29 - (-368 - -433).
-32
What is (34 - 2 - (-37 - -72)) + 97?
94
Evaluate -128 - (-8 + 80 - 15